{"id":112,"date":"2013-05-28T20:57:18","date_gmt":"2013-05-28T18:57:18","guid":{"rendered":"http:\/\/pla-pleszew.pl\/?page_id=112"},"modified":"2013-05-28T21:00:59","modified_gmt":"2013-05-28T19:00:59","slug":"ulgi-ustawowe-gmina-pleszew","status":"publish","type":"page","link":"https:\/\/pla-pleszew.pl\/?page_id=112","title":{"rendered":"Ulgi ustawowe"},"content":{"rendered":"<p>&nbsp;<\/p>\n<h1>ULGI USTAWOWE OBOWI\u0104ZUJ\u0104CE OD 01.01.2012r.<\/h1>\n<p>&nbsp;<\/p>\n<table border=\"0\" cellspacing=\"0\" cellpadding=\"0\">\n<tbody>\n<tr>\n<td width=\"179\">\n<p align=\"center\"><b>ULGI USTAWOWE<\/b><\/p>\n<\/td>\n<td width=\"61\"><b>ULGA<\/b><\/td>\n<td width=\"110\">\n<p align=\"center\"><b>ULGA NA BILETY<\/b><\/p>\n<\/td>\n<td width=\"379\">\n<p align=\"center\"><b>DOKUMENTY POTWIERDZAJACE UPRAWNIENIE<\/b><\/p>\n<\/td>\n<\/tr>\n<tr>\n<td width=\"179\"><b><i>Pose\u0142, Senator<\/i><\/b><\/td>\n<td width=\"61\">\n<p align=\"center\"><b>100%<\/b><\/p>\n<\/td>\n<td width=\"110\"><b>JEDNORAZOWE<\/b><\/td>\n<td width=\"379\"><b>Legitymacja poselska lub senatorska.<\/b><\/td>\n<\/tr>\n<tr>\n<td width=\"179\"><b><i>Dziecko do 4 lat &#8211;\u00a0 bez miejsca<\/i><\/b><\/td>\n<td width=\"61\">\n<p align=\"center\"><b>100%<\/b><\/p>\n<\/td>\n<td width=\"110\"><b>JEDNORAZOWE<\/b><\/td>\n<td width=\"379\"><b>Ksi\u0105\u017ceczka zdrowia dziecka, paszport lub inny dokument stwierdzaj\u0105cy wiek dziecka.<\/b><\/td>\n<\/tr>\n<tr>\n<td width=\"179\"><b><i>Dziecko do 4 lat -zajmuj\u0105ce miejsce<\/i><\/b><\/td>\n<td width=\"61\">\n<p align=\"center\"><b>78%<\/b><\/p>\n<\/td>\n<td width=\"110\"><b>JEDNORAZOWE<\/b><\/td>\n<td width=\"379\"><b>Ksi\u0105\u017ceczka zdrowia dziecka, paszport lub inny dokument stwierdzaj\u0105cy wiek dziecka.<\/b><\/td>\n<\/tr>\n<tr>\n<td width=\"179\"><b><i>Dziecko od 4 lat do rozpocz\u0119cia nauki w szkole<\/i><\/b><\/td>\n<td width=\"61\">\n<p align=\"center\"><b>37%<\/b><\/p>\n<\/td>\n<td width=\"110\"><b>JEDNORAZOWE<\/b><\/td>\n<td width=\"379\"><b>1. Dokument stwierdzaj\u0105cy wiek dziecka<\/b><\/p>\n<p><b>2.Za\u015bwiadczenie o odroczeniu spe\u0142niania obowi\u0105zku szkolnego wydany przez dyrektora publicznej szko\u0142y podstawowej<\/b><\/p>\n<p><b>3.legitymacja przedszkolna dla dziecka niepe\u0142nosprawnego.<\/b><\/td>\n<\/tr>\n<tr>\n<td width=\"179\"><b><i>Stra\u017c graniczna \u2013 s\u0142u\u017cba<\/i><\/b><\/td>\n<td width=\"61\">\n<p align=\"center\"><b>78%<\/b><\/p>\n<\/td>\n<td width=\"110\"><b>JEDNORAZOWE<\/b><\/td>\n<td width=\"379\"><b>Legitymacja s\u0142u\u017cbowa oraz za\u015bwiadczenie o wykonywaniu okre\u015blonych czynno\u015bci s\u0142u\u017cbowych, wystawione przez Komendanta G\u0142\u00f3wnego Stra\u017cy Granicznej lub w\u0142a\u015bciwego komendanta oddzia\u0142u Stra\u017cy Granicznej.<\/b><\/td>\n<\/tr>\n<tr>\n<td width=\"179\"><b><i>Celnik \u2013 s\u0142u\u017cba<\/i><\/b><\/td>\n<td width=\"61\">\n<p align=\"center\"><b>78%<\/b><\/p>\n<\/td>\n<td width=\"110\"><b>JEDNORAZOWE<\/b><\/td>\n<td width=\"379\"><b>Legitymacja s\u0142u\u017cbowa oraz za\u015bwiadczenie o wykonywaniu okre\u015blonych czynno\u015bci s\u0142u\u017cbowych, wystawione przez ministra w\u0142a\u015bciwego do spraw finans\u00f3w publicznych, dyrektora izby celnej albo przez w\u0142a\u015bciwego Naczelnika urz\u0119du celnego.<\/b><\/td>\n<\/tr>\n<tr>\n<td width=\"179\"><b><i>Policjant \u2013 s\u0142u\u017cba<\/i><\/b><\/td>\n<td width=\"61\">\n<p align=\"center\"><b>78%<\/b><\/p>\n<\/td>\n<td width=\"110\"><b>JEDNORAZOWE<\/b><\/td>\n<td width=\"379\"><b>Legitymacja s\u0142u\u017cbowa oraz za\u015bwiadczenie o wykonywaniu okre\u015blonych czynno\u015bci s\u0142u\u017cbowych, wystawione przez Komendanta G\u0142\u00f3wnego Policji, w\u0142a\u015bciwego komendanta wojew\u00f3dzkiego (sto\u0142ecznego) Policji lub w\u0142a\u015bciwego komendanta powiatowego (miejskiego) Policji.<\/b><\/td>\n<\/tr>\n<tr>\n<td width=\"179\"><b><i>\u017bo\u0142nierz \u017candarmerii \u2013 s\u0142u\u017cba<\/i><\/b><\/td>\n<td width=\"61\">\n<p align=\"center\"><b>78%<\/b><\/p>\n<\/td>\n<td width=\"110\"><b>JEDNORAZOWE<\/b><\/td>\n<td width=\"379\"><b>Legitymacja s\u0142u\u017cbowa, odznaka identyfikacyjna \u017co\u0142nierza \u017bandarmerii Wojskowej oraz za\u015bwiadczenie o wykonywaniu czynno\u015bci s\u0142u\u017cbowych, wystawiona przez Komendanta G\u0142\u00f3wnej \u017bandarmerii Wojskowej lub Komendanta terenowej jednostki organizacyjnej \u017bandarmerii Wojskowej.<\/b><\/td>\n<\/tr>\n<tr>\n<td width=\"179\"><b><i>\u017bo\u0142nierz s\u0142u\u017cby zasadniczej<\/i><\/b><\/td>\n<td width=\"61\">\n<p align=\"center\"><b>78%<\/b><\/p>\n<\/td>\n<td width=\"110\"><b>JEDNORAZOWE<\/b><\/td>\n<td width=\"379\"><b>Ksi\u0105\u017ceczka wojskowa z aktualnym wpisem o odbywaniu niezawodowej s\u0142u\u017cby wojskowej.<\/b><\/td>\n<\/tr>\n<tr>\n<td width=\"179\"><b><i>Dzieci i m\u0142odzie\u017c dotkni\u0119ta inwalidztwem lub niepe\u0142nosprawna<\/i><\/b><\/td>\n<td width=\"61\">\n<p align=\"center\"><b>78%<\/b><\/p>\n<\/td>\n<td width=\"110\"><b>JEDNORAZOWE\u00a0\u00a0\u00a0\u00a0\u00a0 MIESI\u0118CZNE<\/b><\/td>\n<td width=\"379\"><b>1.Dla dzieci i m\u0142odzie\u017cy ucz\u0119szczaj\u0105cych do przedszkola, szko\u0142y, szko\u0142y wy\u017cszej albo o\u015brodka lub plac\u00f3wki o charakterze o\u015bwiatowym:<\/b><\/p>\n<p><b>&#8211; legitymacja przedszkolna dla dziecka niepe\u0142nosprawnego,<\/b><\/p>\n<p><b>&#8211; legitymacja szkolna dla uczni\u00f3w dotkni\u0119tych inwalidztwem<\/b><\/p>\n<p><b>\u00a0\u00a0 lub niepe\u0142nosprawnych<\/b><\/p>\n<p><b>&#8211; legitymacja szkolna albo studencka wraz z jednym z dokument\u00f3w wymienionych w pkt. 2<\/b><\/p>\n<p><b>2.Dla dzieci i m\u0142odzie\u017cy nie ucz\u0119szczaj\u0105cych do przedszkola, szko\u0142y, szko\u0142y wy\u017cszej albo o\u015brodka lub plac\u00f3wki o charakterze o\u015bwiatowym:<\/b><\/p>\n<p><b>-legitymacja osoby niepe\u0142nosprawnej do uko\u0144czenia 16 roku \u017cycia wystawiona przez uprawniony organ.<\/b><\/p>\n<p><b>-legitymacja osoby niepe\u0142nosprawnej wystawiona przez uprawniony organ<\/b><\/p>\n<p><b>&#8211; wypis z tre\u015bci orzeczenia komisji lekarskiej do spraw inwalidztwa i zatrudnienia, stwierdzaj\u0105cy zaliczenie do jednej z grup inwalid\u00f3w<\/b><\/p>\n<p><b>&#8211; wypis z tre\u015bci orzeczenia lekarza orzecznika ZUS, stwierdzaj\u0105cy cz\u0119\u015bciow\u0105 niezdolno\u015b\u0107 do pracy, ca\u0142kowit\u0105 niezdolno\u015b\u0107 do pracy albo ca\u0142kowit\u0105 niezdolno\u015b\u0107 do pracy i niezdolno\u015b\u0107 do samodzielnej egzystencji<\/b><\/p>\n<p><b>3.Przy przejazdach do i z jednostek udzielaj\u0105cych \u015bwiadcze\u0144 zdrowotnych albo pomocy spo\u0142ecznej b\u0105d\u017a organizuj\u0105cych turnusy rehabilitacyjne.<\/b><\/p>\n<p><b>Wraz z jednym z dokument\u00f3w wskazanym w pkt. 1 i 2, wymagane jest za\u015bwiadczenie (zawiadomienie, skierowanie) okre\u015blaj\u0105ce odpowiednio:<\/b><\/p>\n<p><b>&#8211; termin i miejsce badania, leczenia konsultacji , zaj\u0119\u0107 rehabilitacyjnych, terapeutycznych albo pobytu w o\u015brodku wsparcia, domu pomocy spo\u0142ecznej lub na turnusie rehabilitacyjnym<\/b><\/p>\n<p><b>&#8211; potwierdzenie stawienia si\u0119 na badania, konsultacje, zaj\u0119cia rehabilitacyjne i zaj\u0119cia terapeutyczne.<\/b><\/td>\n<\/tr>\n<tr>\n<td width=\"179\"><b><i>Opiekun dzieci i m\u0142odzie\u017cy niepe\u0142nosprawnej <\/i><\/b><\/td>\n<td width=\"61\">\n<p align=\"center\"><b>78%<\/b><\/p>\n<\/td>\n<td width=\"110\"><b>JEDNORAZOWE<\/b><\/td>\n<td width=\"379\"><b>1.Dokumenty dziecka niepe\u0142nosprawnego \u2013 je\u017celi przejazd odbywany jest wraz z dzieckiem<\/b><\/p>\n<p><b>2.Za\u015bwiadczenie wydane przez przedszkole, szko\u0142\u0119, szko\u0142\u0119 wy\u017csz\u0105, o\u015brodek\u00a0 lub plac\u00f3wk\u0119 o charakterze o\u015bwiatowym, albo plac\u00f3wk\u0119 opieku\u0144czo-wychowawcz\u0105 albo za\u015bwiadczenie (zawiadomienie, skierowanie) \u2013 je\u017celi przejazd jest odbywany po dziecko lub po jego odwiezieniu.<\/b><\/td>\n<\/tr>\n<tr>\n<td width=\"179\"><b><i>Osoby niezdolne do samodzielnej egzystencji <\/i><\/b><\/td>\n<td width=\"61\">\n<p align=\"center\"><b>49%<\/b><\/p>\n<\/td>\n<td width=\"110\"><b>JEDNORAZOWE<\/b><\/td>\n<td width=\"379\"><b>1.Wypis z tre\u015bci orzeczenia komisji lekarskiej do spraw inwalidztwa i zatrudnienia stwierdzaj\u0105cy zaliczenie do I grupy inwalid\u00f3w<\/b><\/p>\n<p><b>2.Wypis z tre\u015bci orzeczenia: wojskowej komisji lekarskiej, komisji lekarskiej podleg\u0142ej Ministrowi Spraw Wewn\u0119trznych i Administracji albo Szefowi Agencji Bezpiecze\u0144stwa Wewn\u0119trznego albo Szefowi Agencji Wywiadu stwierdzaj\u0105cy zaliczenie do I grupy inwalidztwa.<\/b><\/p>\n<p><b>3.Wypis z tre\u015bci orzeczenia lekarza orzecznika ZUS, stwierdzaj\u0105cy ca\u0142kowit\u0105 niezdolno\u015b\u0107 do pracy i niezdolno\u015b\u0107 do samodzielnej egzystencji<\/b><\/p>\n<p><b>4.za\u015bwiadczenie ZUS, stwierdzaj\u0105ce zaliczenie wyrokiem s\u0105du do I grupy inwalid\u00f3w b\u0105d\u017a uznanie niezdolno\u015bci do samodzielnej egzystencji<\/b><\/p>\n<p><b>5.wypis z tre\u015bci orzeczenia lekarza rzeczoznawcy Kasy Rolniczego Ubezpieczenia Spo\u0142ecznego (KRUS), stwierdzaj\u0105cy niezdolno\u015b\u0107 do samodzielnej egzystencji<\/b><\/p>\n<p><b>6.wypis z tre\u015bci orzeczenia komisji lekarskiej KRUS, stwierdzaj\u0105cy niezdolno\u015b\u0107 do samodzielnej egzystencji<\/b><\/p>\n<p><b>7.za\u015bwiadczenie KRUS,\u00a0 stwierdzaj\u0105ce zaliczenie wyrokiem s\u0105du do I grupy inwalid\u00f3w b\u0105d\u017a uznanie niezdolno\u015bci do samodzielnej egzystencji<\/b><\/p>\n<p><b>8. legitymacja emeryta-rencisty wojskowego wydana przez w\u0142a\u015bciwy organ emerytalny podleg\u0142y Ministrowi Obrony Narodowej, z wpisem o zaliczeniu do I grupy inwalidztwa<\/b><\/p>\n<p><b>9.legitymacja emeryta-rencisty policyjnego wydana przez w\u0142a\u015bciwy organ emerytalno-rentowy podleg\u0142y Ministrowi Spraw Wewn\u0119trznych i Administracji lub Ministrowi Sprawiedliwo\u015bci, z wpisem o zaliczenie do I grupy inwalidztwa<\/b><\/p>\n<p><b>10.legitymacja osoby niepe\u0142nosprawnej, stwierdzaj\u0105ca znaczny stopie\u0144 niepe\u0142nosprawno\u015bci wystawiona przez uprawniony organ<\/b><\/p>\n<p><b>Dokumenty wskazane w pkt. 1-7 i 9 okazuje si\u0119 wraz z dowodem osobistym lub innym dokumentem umo\u017cliwiaj\u0105cym potwierdzenie to\u017csamo\u015bci osoby uprawnionej.<\/b><\/td>\n<\/tr>\n<tr>\n<td width=\"179\"><b><i>Opiekun osoby niezdolnej do samodzielnej egzystencji<\/i><\/b><\/p>\n<p><b><i>towarzysz\u0105cy w podr\u00f3\u017cy<\/i><\/b><\/td>\n<td width=\"61\">\n<p align=\"center\"><b>\u00a0<\/b><\/p>\n<p align=\"center\"><b>95%<\/b><\/p>\n<\/td>\n<td width=\"110\"><b>JEDNORAZOWE<\/b><\/td>\n<td width=\"379\"><b>\u00a0<\/b><\/p>\n<p><b>Jeden z dokument\u00f3w osoby niesamodzielnej.<\/b><\/td>\n<\/tr>\n<tr>\n<td width=\"179\"><b><i>Osoby niewidome<\/i><\/b><\/p>\n<p><b><i>je\u015bli nie s\u0105 uznane za<\/i><\/b><\/p>\n<p><b><i>niezdolne do samodzielnej<\/i><\/b><\/p>\n<p><b><i>egzystencji<\/i><\/b><\/td>\n<td width=\"61\">\n<p align=\"center\"><b>37%<\/b><\/p>\n<\/td>\n<td width=\"110\"><b>JEDNORAZOWE MIESI\u0118CZNE<\/b><\/td>\n<td width=\"379\"><b>Jeden z nw. dokument\u00f3w,\u00a0 stwierdzaj\u0105cy inwalidztwo, niezdolno\u015b\u0107 do pracy albo niepe\u0142nosprawno\u015b\u0107 z powodu stanu\u00a0 narz\u0105du wzroku, tj.<\/b><\/p>\n<p><b>1.wypis z tre\u015bci orzeczenia komisji lekarskiej do spraw inwalidztwa i zatrudnienia<\/b><\/p>\n<p><b>2.wypis z tre\u015bci orzeczenia : wojskowej komisji lekarskiej, komisji lekarskiej podleg\u0142ej Ministrowi Spraw Wewn\u0119trznych i Administracji albo Szefowi Agencji Bezpiecze\u0144stwa Wewn\u0119trznego albo Szefowi Agencji Wyw.<\/b><\/p>\n<p><b>3.wypis z tre\u015bci orzeczenia lekarza orzecznika ZUS<\/b><\/p>\n<p><b>4.za\u015bwiadczenie ZUS wydane na podstawie wyroku s\u0105du<\/b><\/p>\n<p><b>5.wypis z tre\u015bci orzeczenia lekarza rzeczoznawcy Kasy Rolniczego Ubezpieczenia Spo\u0142ecznego (KRUS)<\/b><\/p>\n<p><b>6.wypis z tre\u015bci orzeczenia komisji lekarskiej KRUS,<\/b><\/p>\n<p><b>7.za\u015bwiadczenie KRUS, wydane na podstawie wyroku s\u0105du<\/b><\/p>\n<p><b>8.legitymacja emeryta-rencisty wojskowego wydana przez w\u0142a\u015bciwy organ emerytalny podleg\u0142y Ministrowi Obrony Narodowej<\/b><\/p>\n<p><b>9.legitymacja emeryta-rencisty policyjnego wydana przez w\u0142a\u015bciwy organ emerytalno-rentowy podleg\u0142y Ministrowi Spraw Wewn\u0119trznych i Administracji lub Ministrowi Sprawiedliwo\u015bci<\/b><\/p>\n<p><b>10.legitymacja osoby niepe\u0142nosprawnej, wstawiona przez uprawniony organ stwierdzaj\u0105ca umiarkowany stopie\u0144 niepe\u0142nosprawno\u015bci z powodu stanu narz\u0105du wzroku lub oznaczona symbolem przyczyny niepe\u0142nosprawno\u015bci\u00a0 \u201eO4-O\u201d.<\/b><\/td>\n<\/tr>\n<tr>\n<td width=\"179\"><b><i>Przewodnik lub opiekun osoby niewidomej\u00a0 I grupy<\/i><\/b><\/p>\n<p><b><i>towarzysz\u0105cy w podr\u00f3\u017cy<\/i><\/b><\/td>\n<td width=\"61\">\n<p align=\"center\"><b>95%<\/b><\/p>\n<\/td>\n<td width=\"110\"><b>JEDNORAZOWE<\/b><\/td>\n<td width=\"379\"><b>Jeden z dokument\u00f3w osoby niewidomej \u2013 dotyczy opieki osoby niewidomej, ca\u0142kowicie niezdolnej do pracy i samodzielnej egzystencji.<\/b><\/td>\n<\/tr>\n<tr>\n<td width=\"179\"><b><i>Inwalida wojenny i wojskowy I grupy<\/i><\/b><\/td>\n<td width=\"61\">\n<p align=\"center\"><b>78%<\/b><\/p>\n<\/td>\n<td width=\"110\"><b>JEDNORAZOWE<\/b><\/td>\n<td width=\"379\"><b>1.Ksi\u0105\u017cka inwalidy wojennego (wojskowego) z wpisem o zaliczeniu do I grupy inwalid\u00f3w albo o ca\u0142kowitej niezdolno\u015bci do pracy i niezdolno\u015bci do samodzielnej egzystencji<\/b><\/p>\n<p><b>2.Legitymacja osoby represjonowanej (okresu wojennego i powojennego) zawieraj\u0105ca wpis o zaliczeniu do I grupy inwalid\u00f3w albo wpis o ca\u0142kowitej niezdolno\u015bci do pracy i niezdolno\u015bci do samodzielnej egzystencji.<\/b><\/td>\n<\/tr>\n<tr>\n<td width=\"179\"><b><i>Opiekun inwalidy wojennego i wojskowego I grupy<\/i><\/b><\/p>\n<p><b><i>towarzysz\u0105cy w podr\u00f3\u017cy<\/i><\/b><\/td>\n<td width=\"61\">\n<p align=\"center\"><b>95%<\/b><\/p>\n<\/td>\n<td width=\"110\"><b>JEDNORAZOWE<\/b><\/td>\n<td width=\"379\"><b>Jeden z dokument\u00f3w inwalidy wojennego lub wojskowego.<\/b><\/td>\n<\/tr>\n<tr>\n<td width=\"179\"><b><i>Inwalida wojenny i wojskowy nie zaliczony do I grupy<\/i><\/b><\/td>\n<td width=\"61\">\n<p align=\"center\"><b>37%<\/b><\/p>\n<\/td>\n<td width=\"110\"><b>JEDNORAZOWE<\/b><\/td>\n<td width=\"379\"><b>1. Ksi\u0105\u017cka inwalidy wojennego (wojskowego) zawieraj\u0105ca wpis o ca\u0142kowitej lub cz\u0119\u015bciowej niezdolno\u015bci do pracy.<\/b><\/p>\n<p><b>2. Legitymacja osoby represjonowanej \/okresu wojennego i powojennego\/ zawieraj\u0105ca wpis o ca\u0142kowitej lub cz\u0119\u015bciowej niezdolno\u015bci do pracy<\/b><\/td>\n<\/tr>\n<tr>\n<td width=\"179\"><b><i>Kombatant<\/i><\/b><\/td>\n<td width=\"61\">\n<p align=\"center\"><b>37%<\/b><\/p>\n<\/td>\n<td width=\"110\"><b>JEDNORAZOWE<\/b><\/td>\n<td width=\"379\"><b>1.Za\u015bwiadczenie wydane przez Urz\u0105d ds. Kombatant\u00f3w i Os\u00f3b Represjonowanych z wpisem o przys\u0142uguj\u0105cym uprawnieniu<\/b><\/p>\n<p><b>2.Legitymacja osoby represjonowanej z wpisem o ca\u0142kowitej lub cz\u0119\u015bciowej niezdolno\u015bci do pracy, inwalidztwie II i III grupy.<\/b><\/td>\n<\/tr>\n<tr>\n<td width=\"179\"><b><i>Ucze\u0144 <\/i><\/b><\/td>\n<td width=\"61\">\n<p align=\"center\"><b>49%<\/b><\/p>\n<\/td>\n<td width=\"110\"><b>MIESI\u0118CZNE<\/b><\/td>\n<td width=\"379\"><b>1.Za\u015bwiadczenie o spe\u0142nianiu obowi\u0105zkowego rocznego przygotowania przedszkolnego, wydane przez dyrektora przedszkola\/szko\u0142y-dla dzieci odbywaj\u0105cych przygotowanie przedszkolne<\/b><\/p>\n<p><b>2.Legitymacja szkolna- dla dzieci i m\u0142odzie\u017cy do\u00a0\u00a0 uko\u0144czenia 24 roku \u017cycia<\/b><\/td>\n<\/tr>\n<tr>\n<td width=\"179\"><b><i>Student<\/i><\/b><\/td>\n<td width=\"61\">\n<p align=\"center\"><b>49%<\/b><\/p>\n<\/td>\n<td width=\"110\"><b>MIESI\u0118CZNE<\/b><\/td>\n<td width=\"379\"><b>1.Legitymacja studencka, wydana przez polsk\u0105 szko\u0142\u0119 wy\u017csz\u0105 wraz z dowodem osobistym- do uko\u0144czenia 26 roku \u017cycia<\/b><\/p>\n<p><b>2.Legitymacja s\u0142uchacza kolegium-dla s\u0142uchaczy kolegi\u00f3w nauczycielskich i nauczycielskich kolegi\u00f3w j\u0119zyk\u00f3w obcych, do uko\u0144czenia 26 roku \u017cycia<\/b><\/td>\n<\/tr>\n<\/tbody>\n<\/table>\n<p>&nbsp;<\/p>\n<p><b>\u00a0<\/b><\/p>\n<p><b>\u00a0<\/b><\/p>\n<table border=\"0\" cellspacing=\"0\" cellpadding=\"0\">\n<tbody>\n<tr>\n<td valign=\"top\" width=\"52\">\n<p align=\"center\">Lp<\/p>\n<\/td>\n<td valign=\"top\" width=\"235\">\n<p align=\"center\">Kategoria uprawnienia<\/p>\n<\/td>\n<td valign=\"top\" width=\"84\">\n<p align=\"center\">Ulga<\/p>\n<\/td>\n<td valign=\"top\" width=\"119\">\n<p align=\"center\">Rodzaj biletu<\/p>\n<\/td>\n<td valign=\"top\" width=\"229\">\n<p align=\"center\">Uwagi:<\/p>\n<\/td>\n<\/tr>\n<tr>\n<td valign=\"top\" width=\"52\">\n<p align=\"center\">1<\/p>\n<\/td>\n<td valign=\"top\" width=\"235\">\n<p align=\"center\">Osoba,kt\u00f3ra uko\u0144czy\u0142a studia I stopnia<\/p>\n<\/td>\n<td valign=\"top\" width=\"84\">\n<p align=\"center\"><b>51,00%<\/b><\/p>\n<\/td>\n<td valign=\"top\" width=\"119\">\n<p align=\"center\"><b>Miesi\u0119czny <\/b><\/p>\n<\/td>\n<td valign=\"top\" width=\"229\">\n<p align=\"center\">Prawo to przys\u0142uguje do 31.X roku w kt\u00f3rym uko\u0144czy\u0142a te studia.<\/p>\n<\/td>\n<\/tr>\n<tr>\n<td valign=\"top\" width=\"52\">\n<p align=\"center\">2<\/p>\n<\/td>\n<td valign=\"top\" width=\"235\">\n<p align=\"center\">Doktoranci<\/p>\n<\/td>\n<td valign=\"top\" width=\"84\">\n<p align=\"center\"><b>51,00%<\/b><\/p>\n<\/td>\n<td valign=\"top\" width=\"119\">\n<p align=\"center\"><b>Miesi\u0119czny <\/b><\/p>\n<\/td>\n<td valign=\"top\" width=\"229\">\n<p align=\"center\">Do uko\u0144czenia 35 roku \u017cycia<\/p>\n<\/td>\n<\/tr>\n<tr>\n<td valign=\"top\" width=\"52\">\n<p align=\"center\">3<\/p>\n<\/td>\n<td valign=\"top\" width=\"235\">\n<p align=\"center\">Weteran pobieraj\u0105cych rent\u0119 inwalidzk\u0105 z tytu\u0142u uraz\u00f3w lub chor\u00f3b powsta\u0142ych poza granicami pa\u0144stwa<\/p>\n<\/td>\n<td valign=\"top\" width=\"84\">\n<p align=\"center\"><b>37,00%<\/b><\/p>\n<\/td>\n<td valign=\"top\" width=\"119\">\n<p align=\"center\"><b>Jednorazowy<\/b><\/p>\n<\/td>\n<td valign=\"top\" width=\"229\">\n<p align=\"center\">Wa\u017cna od 30 marzec 2012<\/p>\n<\/td>\n<\/tr>\n<\/tbody>\n<\/table>\n<p>&nbsp;<\/p>\n<p><b>\u00a0<\/b><\/p>\n<p><b>\u00a0<\/b><\/p>\n<p><b>\u00a0<\/b><\/p>\n<p><b>\u00a0<\/b><\/p>\n<p><b>\u00a0<\/b><\/p>\n<p><b>\u00a0<\/b><\/p>\n<p><b>Obja\u015bnienia:<\/b><\/p>\n<h2>Osoby niezdolne do samodzielnej egzystencji<\/h2>\n<p>&#8211;\u00a0 osoby ca\u0142kowicie niezdolne do pracy oraz ca\u0142kowicie\u00a0\u00a0 niezdolne do samodzielnej egzystencji w rozumieniu przepis\u00f3w o emeryturach i rentach z Funduszu Ubezpiecze\u0144 Spo\u0142ecznych,<\/p>\n<p>&#8211;\u00a0\u00a0 Osoby posiadaj\u0105ce znaczny stopie\u0144 niepe\u0142nosprawno\u015bci w rozumieniu przepis\u00f3w o rehabilitacji zawodowej i spo\u0142ecznej, b\u0105d\u017a inwalid\u00f3w I-szej grupy, je\u017celi orzeczenie o zaliczeniu do I-szej grupy inwalidzkiej nie utraci\u0142o mocy.<\/p>\n<p><b><i><span style=\"text-decoration: underline;\">Opiekun osoby niezdolnej do samodzielnej egzystencji<\/span><\/i><\/b>\u2013 jedna osoba pe\u0142noletnia.<\/p>\n","protected":false},"excerpt":{"rendered":"<p>&nbsp; ULGI USTAWOWE OBOWI\u0104ZUJ\u0104CE OD 01.01.2012r. &nbsp; ULGI USTAWOWE ULGA ULGA NA BILETY DOKUMENTY POTWIERDZAJACE UPRAWNIENIE Pose\u0142, Senator 100% JEDNORAZOWE Legitymacja poselska lub senatorska. Dziecko do 4 lat &#8211;\u00a0 bez miejsca 100% JEDNORAZOWE Ksi\u0105\u017ceczka zdrowia dziecka, paszport lub inny dokument stwierdzaj\u0105cy wiek dziecka. Dziecko do 4 lat -zajmuj\u0105ce miejsce 78% JEDNORAZOWE Ksi\u0105\u017ceczka zdrowia dziecka, paszport &hellip; <a href=\"https:\/\/pla-pleszew.pl\/?page_id=112\" class=\"more-link\">Czytaj dalej <span class=\"screen-reader-text\">Ulgi ustawowe<\/span> <span class=\"meta-nav\">&rarr;<\/span><\/a><\/p>\n","protected":false},"author":1,"featured_media":0,"parent":110,"menu_order":0,"comment_status":"closed","ping_status":"closed","template":"","meta":{"footnotes":""},"class_list":["post-112","page","type-page","status-publish","hentry"],"_links":{"self":[{"href":"https:\/\/pla-pleszew.pl\/index.php?rest_route=\/wp\/v2\/pages\/112","targetHints":{"allow":["GET"]}}],"collection":[{"href":"https:\/\/pla-pleszew.pl\/index.php?rest_route=\/wp\/v2\/pages"}],"about":[{"href":"https:\/\/pla-pleszew.pl\/index.php?rest_route=\/wp\/v2\/types\/page"}],"author":[{"embeddable":true,"href":"https:\/\/pla-pleszew.pl\/index.php?rest_route=\/wp\/v2\/users\/1"}],"replies":[{"embeddable":true,"href":"https:\/\/pla-pleszew.pl\/index.php?rest_route=%2Fwp%2Fv2%2Fcomments&post=112"}],"version-history":[{"count":4,"href":"https:\/\/pla-pleszew.pl\/index.php?rest_route=\/wp\/v2\/pages\/112\/revisions"}],"predecessor-version":[{"id":117,"href":"https:\/\/pla-pleszew.pl\/index.php?rest_route=\/wp\/v2\/pages\/112\/revisions\/117"}],"up":[{"embeddable":true,"href":"https:\/\/pla-pleszew.pl\/index.php?rest_route=\/wp\/v2\/pages\/110"}],"wp:attachment":[{"href":"https:\/\/pla-pleszew.pl\/index.php?rest_route=%2Fwp%2Fv2%2Fmedia&parent=112"}],"curies":[{"name":"wp","href":"https:\/\/api.w.org\/{rel}","templated":true}]}}