{"id":69,"date":"2012-10-02T15:00:45","date_gmt":"2012-10-02T13:00:45","guid":{"rendered":"http:\/\/pla-pleszew.pl\/?page_id=69"},"modified":"2026-03-24T20:15:06","modified_gmt":"2026-03-24T19:15:06","slug":"strona-glowna","status":"publish","type":"page","link":"https:\/\/pla-pleszew.pl\/","title":{"rendered":"Witamy!"},"content":{"rendered":"<h5><span style=\"color: #ff0000;\"><strong>KURSOWANIE AUTOBUS\u00d3W W OKRESIE \u015aWI\u0104T\u00a0 <\/strong><\/span><\/h5>\n<h5><span style=\"color: #ff0000;\"><strong>\u00a0 \u00a0 \u00a0 \u00a0 \u00a0 \u00a0 \u00a0 \u00a0 \u00a0 \u00a0 \u00a0 WIELKANOCNYCH.<\/strong><\/span><\/h5>\n<p><span style=\"color: #000000;\"><strong><mark class=\"has-inline-color has-medium-brown-color\"><em>W dniach 02 \u2013 07.04.2026 Przerwa \u015bwi\u0105teczna autobusy oznaczone literk\u0105 <span style=\"color: #ff0000;\">S,<\/span> nie b\u0119d\u0105 kursowa\u0107<\/em><\/mark><\/strong><\/span><\/p>\n<p><mark class=\"has-inline-color has-medium-brown-color\"><strong><em>W dniach 04.04 Sobota-05.04 Niedziela-06.04 Poniedzia\u0142ek, autobusy nie kursuj\u0105<\/em><\/strong><\/mark>.<\/p>\n<p>&nbsp;<\/p>\n<h3 class=\"wp-block-heading\"><strong><em><mark class=\"has-inline-color has-red-color\">\u017byczymy zdrowych, spokojnych \u015bwi\u0105t<\/mark><\/em><\/strong>.<\/h3>\n<p>&nbsp;<\/p>\n<p>&nbsp;<\/p>\n","protected":false},"excerpt":{"rendered":"<p>KURSOWANIE AUTOBUS\u00d3W W OKRESIE \u015aWI\u0104T\u00a0 \u00a0 \u00a0 \u00a0 \u00a0 \u00a0 \u00a0 \u00a0 \u00a0 \u00a0 \u00a0 \u00a0 WIELKANOCNYCH. W dniach 02 \u2013 07.04.2026 Przerwa \u015bwi\u0105teczna autobusy oznaczone literk\u0105 S, nie b\u0119d\u0105 kursowa\u0107 W dniach 04.04 Sobota-05.04 Niedziela-06.04 Poniedzia\u0142ek, autobusy nie kursuj\u0105. &nbsp; \u017byczymy zdrowych, spokojnych \u015bwi\u0105t. &nbsp; &nbsp;<\/p>\n","protected":false},"author":1,"featured_media":0,"parent":0,"menu_order":0,"comment_status":"closed","ping_status":"closed","template":"","meta":{"footnotes":""},"class_list":["post-69","page","type-page","status-publish","hentry"],"_links":{"self":[{"href":"https:\/\/pla-pleszew.pl\/index.php?rest_route=\/wp\/v2\/pages\/69","targetHints":{"allow":["GET"]}}],"collection":[{"href":"https:\/\/pla-pleszew.pl\/index.php?rest_route=\/wp\/v2\/pages"}],"about":[{"href":"https:\/\/pla-pleszew.pl\/index.php?rest_route=\/wp\/v2\/types\/page"}],"author":[{"embeddable":true,"href":"https:\/\/pla-pleszew.pl\/index.php?rest_route=\/wp\/v2\/users\/1"}],"replies":[{"embeddable":true,"href":"https:\/\/pla-pleszew.pl\/index.php?rest_route=%2Fwp%2Fv2%2Fcomments&post=69"}],"version-history":[{"count":24,"href":"https:\/\/pla-pleszew.pl\/index.php?rest_route=\/wp\/v2\/pages\/69\/revisions"}],"predecessor-version":[{"id":2060,"href":"https:\/\/pla-pleszew.pl\/index.php?rest_route=\/wp\/v2\/pages\/69\/revisions\/2060"}],"wp:attachment":[{"href":"https:\/\/pla-pleszew.pl\/index.php?rest_route=%2Fwp%2Fv2%2Fmedia&parent=69"}],"curies":[{"name":"wp","href":"https:\/\/api.w.org\/{rel}","templated":true}]}}